Last updated on 2019-05-01 01:51:40 CEST.
Flavor | Version | Tinstall | Tcheck | Ttotal | Status | Flags |
---|---|---|---|---|---|---|
r-devel-linux-x86_64-debian-clang | 0.2.2 | 8.51 | 72.05 | 80.56 | OK | |
r-devel-linux-x86_64-debian-gcc | 0.2.2 | 7.58 | 57.06 | 64.64 | OK | |
r-devel-linux-x86_64-fedora-clang | 0.2.2 | 94.62 | NOTE | |||
r-devel-linux-x86_64-fedora-gcc | 0.2.2 | 89.35 | NOTE | |||
r-patched-linux-x86_64 | 0.2.2 | 9.22 | 70.55 | 79.77 | OK | |
r-patched-solaris-x86 | 0.2.2 | 143.90 | NOTE | |||
r-release-linux-x86_64 | 0.2.2 | 9.37 | 71.35 | 80.72 | OK | |
r-release-windows-ix86+x86_64 | 0.2.2 | 30.00 | 90.00 | 120.00 | OK | |
r-release-osx-x86_64 | 0.2.2 | NOTE | ||||
r-oldrel-windows-ix86+x86_64 | 0.2.2 | 14.00 | 118.00 | 132.00 | OK | |
r-oldrel-osx-x86_64 | 0.2.2 | NOTE |
Version: 0.2.2
Check: dependencies in R code
Result: NOTE
Namespace in Imports field not imported from: ‘markdown’
All declared Imports should be used.
Flavors: r-devel-linux-x86_64-fedora-clang, r-devel-linux-x86_64-fedora-gcc, r-patched-solaris-x86, r-release-osx-x86_64, r-oldrel-osx-x86_64