CRAN Package Check Results for Package catenary

Last updated on 2019-05-01 01:51:40 CEST.

Flavor Version Tinstall Tcheck Ttotal Status Flags
r-devel-linux-x86_64-debian-clang 1.1.2 2.74 53.40 56.14 OK
r-devel-linux-x86_64-debian-gcc 1.1.2 2.29 41.21 43.50 OK
r-devel-linux-x86_64-fedora-clang 1.1.2 62.78 NOTE
r-devel-linux-x86_64-fedora-gcc 1.1.2 61.37 NOTE
r-patched-linux-x86_64 1.1.2 2.33 51.59 53.92 OK
r-patched-solaris-x86 1.1.2 93.00 NOTE
r-release-linux-x86_64 1.1.2 2.23 52.19 54.42 OK
r-release-windows-ix86+x86_64 1.1.2 12.00 88.00 100.00 OK
r-release-osx-x86_64 1.1.2 NOTE
r-oldrel-windows-ix86+x86_64 1.1.2 7.00 62.00 69.00 OK
r-oldrel-osx-x86_64 1.1.2 NOTE

Check Details

Version: 1.1.2
Check: dependencies in R code
Result: NOTE
    Namespace in Imports field not imported from: ‘tidyverse’
     All declared Imports should be used.
Flavors: r-devel-linux-x86_64-fedora-clang, r-devel-linux-x86_64-fedora-gcc, r-patched-solaris-x86, r-release-osx-x86_64, r-oldrel-osx-x86_64