Last updated on 2019-05-01 01:51:40 CEST.
Flavor | Version | Tinstall | Tcheck | Ttotal | Status | Flags |
---|---|---|---|---|---|---|
r-devel-linux-x86_64-debian-clang | 0.1.0 | 10.03 | 82.78 | 92.81 | OK | |
r-devel-linux-x86_64-debian-gcc | 0.1.0 | 8.57 | 63.17 | 71.74 | OK | |
r-devel-linux-x86_64-fedora-clang | 0.1.0 | 104.42 | NOTE | |||
r-devel-linux-x86_64-fedora-gcc | 0.1.0 | 101.56 | NOTE | |||
r-patched-linux-x86_64 | 0.1.0 | 11.13 | 77.35 | 88.48 | OK | |
r-patched-solaris-x86 | 0.1.0 | 174.70 | NOTE | |||
r-release-linux-x86_64 | 0.1.0 | 12.16 | 77.22 | 89.38 | OK | |
r-release-windows-ix86+x86_64 | 0.1.0 | 27.00 | 128.00 | 155.00 | OK | |
r-release-osx-x86_64 | 0.1.0 | NOTE | ||||
r-oldrel-windows-ix86+x86_64 | 0.1.0 | 16.00 | 91.00 | 107.00 | OK | |
r-oldrel-osx-x86_64 | 0.1.0 | NOTE |
Version: 0.1.0
Check: dependencies in R code
Result: NOTE
Namespace in Imports field not imported from: ‘methods’
All declared Imports should be used.
Flavors: r-devel-linux-x86_64-fedora-clang, r-devel-linux-x86_64-fedora-gcc, r-patched-solaris-x86, r-release-osx-x86_64, r-oldrel-osx-x86_64