Last updated on 2019-05-01 01:51:40 CEST.
Flavor | Version | Tinstall | Tcheck | Ttotal | Status | Flags |
---|---|---|---|---|---|---|
r-devel-linux-x86_64-debian-clang | 2.2.2 | 8.46 | 133.67 | 142.13 | NOTE | |
r-devel-linux-x86_64-debian-gcc | 2.2.2 | 7.01 | 103.40 | 110.41 | NOTE | |
r-devel-linux-x86_64-fedora-clang | 2.2.2 | 162.54 | NOTE | |||
r-devel-linux-x86_64-fedora-gcc | 2.2.2 | 159.30 | NOTE | |||
r-patched-linux-x86_64 | 2.2.2 | 9.31 | 135.75 | 145.06 | NOTE | |
r-patched-solaris-x86 | 2.2.2 | 226.30 | NOTE | |||
r-release-linux-x86_64 | 2.2.2 | 8.48 | 131.03 | 139.51 | NOTE | |
r-release-windows-ix86+x86_64 | 2.2.2 | 24.00 | 235.00 | 259.00 | NOTE | |
r-release-osx-x86_64 | 2.2.2 | NOTE | ||||
r-oldrel-windows-ix86+x86_64 | 2.2.2 | 21.00 | 292.00 | 313.00 | NOTE | |
r-oldrel-osx-x86_64 | 2.2.2 | NOTE |
Version: 2.2.2
Check: DESCRIPTION meta-information
Result: NOTE
BugReports field is not a suitable URL but contains an email address
which will be used as from R 3.4.0
Flavors: r-devel-linux-x86_64-debian-clang, r-devel-linux-x86_64-debian-gcc, r-devel-linux-x86_64-fedora-clang, r-devel-linux-x86_64-fedora-gcc, r-patched-linux-x86_64, r-patched-solaris-x86, r-release-linux-x86_64, r-release-windows-ix86+x86_64, r-release-osx-x86_64, r-oldrel-windows-ix86+x86_64, r-oldrel-osx-x86_64
Version: 2.2.2
Check: compiled code
Result: NOTE
File ‘changepoint/libs/changepoint.so’:
Found no calls to: ‘R_registerRoutines’, ‘R_useDynamicSymbols’
It is good practice to register native routines and to disable symbol
search.
See ‘Writing portable packages’ in the ‘Writing R Extensions’ manual.
Flavors: r-devel-linux-x86_64-fedora-clang, r-devel-linux-x86_64-fedora-gcc