Last updated on 2019-05-01 01:51:40 CEST.
Flavor | Version | Tinstall | Tcheck | Ttotal | Status | Flags |
---|---|---|---|---|---|---|
r-devel-linux-x86_64-debian-clang | 1.0.0 | 3.33 | 41.25 | 44.58 | OK | |
r-devel-linux-x86_64-debian-gcc | 1.0.0 | 3.90 | 32.67 | 36.57 | OK | |
r-devel-linux-x86_64-fedora-clang | 1.0.0 | 58.02 | NOTE | |||
r-devel-linux-x86_64-fedora-gcc | 1.0.0 | 50.12 | NOTE | |||
r-patched-linux-x86_64 | 1.0.0 | 4.18 | 40.07 | 44.25 | OK | |
r-patched-solaris-x86 | 1.0.0 | 79.60 | NOTE | |||
r-release-linux-x86_64 | 1.0.0 | 4.25 | 40.12 | 44.37 | OK | |
r-release-windows-ix86+x86_64 | 1.0.0 | 15.00 | 70.00 | 85.00 | OK | |
r-release-osx-x86_64 | 1.0.0 | NOTE | ||||
r-oldrel-windows-ix86+x86_64 | 1.0.0 | 9.00 | 46.00 | 55.00 | OK | |
r-oldrel-osx-x86_64 | 1.0.0 | NOTE |
Version: 1.0.0
Check: dependencies in R code
Result: NOTE
Namespaces in Imports field not imported from:
‘datasets’ ‘foreach’
All declared Imports should be used.
Flavors: r-devel-linux-x86_64-fedora-clang, r-devel-linux-x86_64-fedora-gcc, r-patched-solaris-x86, r-release-osx-x86_64, r-oldrel-osx-x86_64