CRAN Package Check Results for Package chicane

Last updated on 2019-05-01 01:51:40 CEST.

Flavor Version Tinstall Tcheck Ttotal Status Flags
r-devel-linux-x86_64-debian-clang 0.1.0 9.44 237.45 246.89 OK
r-devel-linux-x86_64-debian-gcc 0.1.0 7.60 180.04 187.64 OK
r-devel-linux-x86_64-fedora-clang 0.1.0 165.22 OK
r-devel-linux-x86_64-fedora-gcc 0.1.0 260.88 OK
r-patched-linux-x86_64 0.1.0 8.57 220.34 228.91 OK
r-patched-solaris-x86 0.1.0 434.30 OK
r-release-linux-x86_64 0.1.0 8.36 215.40 223.76 OK
r-release-windows-ix86+x86_64 0.1.0 26.00 260.00 286.00 OK
r-release-osx-x86_64 0.1.0 WARN
r-oldrel-windows-ix86+x86_64 0.1.0 18.00 302.00 320.00 OK
r-oldrel-osx-x86_64 0.1.0 WARN

Check Details

Version: 0.1.0
Check: package dependencies
Result: NOTE
    Packages suggested but not available for checking:
     'GenomicInteractions', 'Gviz'
Flavor: r-release-osx-x86_64

Version: 0.1.0
Check: re-building of vignette outputs
Result: WARN
    Error(s) in re-building vignettes:
     ...
    --- re-building ‘Introduction.Rmd’ using rmarkdown
    Warning in engine$weave(file, quiet = quiet, encoding = enc) :
     Pandoc (>= 1.12.3) and/or pandoc-citeproc not available. Falling back to R Markdown v1.
    --- finished re-building ‘Introduction.Rmd’
    
    --- re-building ‘Visualising_Interactions.Rmd’ using rmarkdown
    Warning in engine$weave(file, quiet = quiet, encoding = enc) :
     Pandoc (>= 1.12.3) and/or pandoc-citeproc not available. Falling back to R Markdown v1.
    Quitting from lines 41-105 (Visualising_Interactions.Rmd)
    Error: processing vignette 'Visualising_Interactions.Rmd' failed with diagnostics:
    there is no package called 'GenomicInteractions'
    --- failed re-building ‘Visualising_Interactions.Rmd’
    
    SUMMARY: processing the following file failed:
     ‘Visualising_Interactions.Rmd’
    
    Error: Vignette re-building failed.
    Execution halted
Flavor: r-release-osx-x86_64

Version: 0.1.0
Check: package dependencies
Result: NOTE
    Packages suggested but not available for checking:
     ‘GenomicInteractions’ ‘Gviz’
Flavor: r-oldrel-osx-x86_64

Version: 0.1.0
Check: re-building of vignette outputs
Result: WARN
    Error in re-building vignettes:
     ...
    Warning in engine$weave(file, quiet = quiet, encoding = enc) :
     Pandoc (>= 1.12.3) and/or pandoc-citeproc not available. Falling back to R Markdown v1.
    Warning in engine$weave(file, quiet = quiet, encoding = enc) :
     Pandoc (>= 1.12.3) and/or pandoc-citeproc not available. Falling back to R Markdown v1.
    Quitting from lines 41-105 (Visualising_Interactions.Rmd)
    Error: processing vignette 'Visualising_Interactions.Rmd' failed with diagnostics:
    there is no package called 'GenomicInteractions'
    Execution halted
Flavor: r-oldrel-osx-x86_64