CRAN Package Check Results for Package childesr

Last updated on 2019-05-01 01:51:40 CEST.

Flavor Version Tinstall Tcheck Ttotal Status Flags
r-devel-linux-x86_64-debian-clang 0.1.1 2.02 31.62 33.64 OK
r-devel-linux-x86_64-debian-gcc 0.1.1 1.81 25.42 27.23 OK
r-devel-linux-x86_64-fedora-clang 0.1.1 39.07 NOTE
r-devel-linux-x86_64-fedora-gcc 0.1.1 38.51 NOTE
r-patched-linux-x86_64 0.1.1 2.29 31.67 33.96 OK
r-patched-solaris-x86 0.1.1 53.60 NOTE
r-release-linux-x86_64 0.1.1 2.42 31.36 33.78 OK
r-release-windows-ix86+x86_64 0.1.1 5.00 101.00 106.00 OK
r-release-osx-x86_64 0.1.1 NOTE
r-oldrel-windows-ix86+x86_64 0.1.1 3.00 112.00 115.00 OK
r-oldrel-osx-x86_64 0.1.1 WARN

Check Details

Version: 0.1.1
Check: dependencies in R code
Result: NOTE
    Namespace in Imports field not imported from: ‘dbplyr’
     All declared Imports should be used.
Flavors: r-devel-linux-x86_64-fedora-clang, r-devel-linux-x86_64-fedora-gcc, r-patched-solaris-x86, r-release-osx-x86_64, r-oldrel-osx-x86_64

Version: 0.1.1
Check: re-building of vignette outputs
Result: WARN
    Error in re-building vignettes:
     ...
    Warning in engine$weave(file, quiet = quiet, encoding = enc) :
     Pandoc (>= 1.12.3) and/or pandoc-citeproc not available. Falling back to R Markdown v1.
    Quitting from lines 181-187 (access_childes_db.Rmd)
    Error: processing vignette 'access_childes_db.Rmd' failed with diagnostics:
    SSL certificate problem: Invalid certificate chain
    Execution halted
Flavor: r-oldrel-osx-x86_64