Last updated on 2019-05-01 01:51:41 CEST.
Flavor | Version | Tinstall | Tcheck | Ttotal | Status | Flags |
---|---|---|---|---|---|---|
r-devel-linux-x86_64-debian-clang | 0.1.9 | 1.53 | 18.70 | 20.23 | OK | |
r-devel-linux-x86_64-debian-gcc | 0.1.9 | 1.29 | 15.53 | 16.82 | OK | |
r-devel-linux-x86_64-fedora-clang | 0.1.9 | 23.86 | NOTE | |||
r-devel-linux-x86_64-fedora-gcc | 0.1.9 | 22.47 | NOTE | |||
r-patched-linux-x86_64 | 0.1.9 | 1.51 | 18.37 | 19.88 | OK | |
r-patched-solaris-x86 | 0.1.9 | 36.60 | NOTE | |||
r-release-linux-x86_64 | 0.1.9 | 1.24 | 18.26 | 19.50 | OK | |
r-release-windows-ix86+x86_64 | 0.1.9 | 6.00 | 65.00 | 71.00 | OK | |
r-release-osx-x86_64 | 0.1.9 | NOTE | ||||
r-oldrel-windows-ix86+x86_64 | 0.1.9 | 3.00 | 42.00 | 45.00 | OK | |
r-oldrel-osx-x86_64 | 0.1.9 | NOTE |
Version: 0.1.9
Check: dependencies in R code
Result: NOTE
Namespace in Imports field not imported from: ‘aws.signature’
All declared Imports should be used.
Flavors: r-devel-linux-x86_64-fedora-clang, r-devel-linux-x86_64-fedora-gcc, r-patched-solaris-x86, r-release-osx-x86_64, r-oldrel-osx-x86_64