CRAN Package Check Results for Package clues

Last updated on 2019-05-01 01:51:41 CEST.

Flavor Version Tinstall Tcheck Ttotal Status Flags
r-devel-linux-x86_64-debian-clang 0.5.9 4.11 29.67 33.78 OK
r-devel-linux-x86_64-debian-gcc 0.5.9 3.11 24.10 27.21 OK
r-devel-linux-x86_64-fedora-clang 0.5.9 40.61 NOTE
r-devel-linux-x86_64-fedora-gcc 0.5.9 39.23 NOTE
r-patched-linux-x86_64 0.5.9 3.96 29.89 33.85 OK
r-patched-solaris-x86 0.5.9 62.00 OK
r-release-linux-x86_64 0.5.9 4.20 29.39 33.59 OK
r-release-windows-ix86+x86_64 0.5.9 23.00 76.00 99.00 OK
r-release-osx-x86_64 0.5.9 OK
r-oldrel-windows-ix86+x86_64 0.5.9 21.00 80.00 101.00 OK
r-oldrel-osx-x86_64 0.5.9 OK

Check Details

Version: 0.5.9
Check: compiled code
Result: NOTE
    File ‘clues/libs/clues.so’:
     Found no calls to: ‘R_registerRoutines’, ‘R_useDynamicSymbols’
    
    It is good practice to register native routines and to disable symbol
    search.
    
    See ‘Writing portable packages’ in the ‘Writing R Extensions’ manual.
Flavors: r-devel-linux-x86_64-fedora-clang, r-devel-linux-x86_64-fedora-gcc