Last updated on 2019-05-01 01:51:41 CEST.
Flavor | Version | Tinstall | Tcheck | Ttotal | Status | Flags |
---|---|---|---|---|---|---|
r-devel-linux-x86_64-debian-clang | 0.47-3 | 25.76 | 229.33 | 255.09 | OK | |
r-devel-linux-x86_64-debian-gcc | 0.47-3 | 22.75 | 179.46 | 202.21 | OK | |
r-devel-linux-x86_64-fedora-clang | 0.47-3 | 301.62 | NOTE | |||
r-devel-linux-x86_64-fedora-gcc | 0.47-3 | 291.61 | OK | |||
r-patched-linux-x86_64 | 0.47-3 | 25.71 | 225.93 | 251.64 | OK | |
r-patched-solaris-x86 | 0.47-3 | 431.80 | NOTE | |||
r-release-linux-x86_64 | 0.47-3 | 26.43 | 227.63 | 254.06 | OK | |
r-release-windows-ix86+x86_64 | 0.47-3 | 74.00 | 467.00 | 541.00 | NOTE | |
r-release-osx-x86_64 | 0.47-3 | ERROR | ||||
r-oldrel-windows-ix86+x86_64 | 0.47-3 | 58.00 | 409.00 | 467.00 | NOTE | |
r-oldrel-osx-x86_64 | 0.47-3 | NOTE |
Version: 0.47-3
Check: installed package size
Result: NOTE
installed size is 5.7Mb
sub-directories of 1Mb or more:
doc 2.9Mb
pdf 2.2Mb
Flavors: r-devel-linux-x86_64-fedora-clang, r-patched-solaris-x86, r-release-windows-ix86+x86_64, r-oldrel-windows-ix86+x86_64, r-oldrel-osx-x86_64
Version: 0.47-3
Check: package dependencies
Result: ERROR
Package required but not available: ‘modeest’
See section ‘The DESCRIPTION file’ in the ‘Writing R Extensions’
manual.
Flavor: r-release-osx-x86_64