CRAN Package Check Results for Package clustermq

Last updated on 2019-05-01 01:51:41 CEST.

Flavor Version Tinstall Tcheck Ttotal Status Flags
r-devel-linux-x86_64-debian-clang 0.8.7 8.51 37.81 46.32 OK
r-devel-linux-x86_64-debian-gcc 0.8.7 7.20 30.85 38.05 OK
r-devel-linux-x86_64-fedora-clang 0.8.7 53.85 NOTE
r-devel-linux-x86_64-fedora-gcc 0.8.7 52.66 NOTE
r-patched-linux-x86_64 0.8.7 7.80 36.87 44.67 OK
r-patched-solaris-x86 0.8.7 79.90 NOTE
r-release-linux-x86_64 0.8.7 6.65 37.10 43.75 OK
r-release-windows-ix86+x86_64 0.8.7 16.00 74.00 90.00 OK
r-release-osx-x86_64 0.8.7 NOTE
r-oldrel-windows-ix86+x86_64 0.8.7 13.00 62.00 75.00 OK
r-oldrel-osx-x86_64 0.8.7 NOTE

Check Details

Version: 0.8.7
Check: dependencies in R code
Result: NOTE
    Namespaces in Imports field not imported from:
     ‘R6’ ‘infuser’ ‘purrr’
     All declared Imports should be used.
Flavors: r-devel-linux-x86_64-fedora-clang, r-devel-linux-x86_64-fedora-gcc, r-patched-solaris-x86, r-release-osx-x86_64, r-oldrel-osx-x86_64