CRAN Package Check Results for Package clustree

Last updated on 2019-05-01 01:51:41 CEST.

Flavor Version Tinstall Tcheck Ttotal Status Flags
r-devel-linux-x86_64-debian-clang 0.4.0 7.40 133.92 141.32 OK
r-devel-linux-x86_64-debian-gcc 0.4.0 5.76 102.94 108.70 OK
r-devel-linux-x86_64-fedora-clang 0.4.0 157.54 OK
r-devel-linux-x86_64-fedora-gcc 0.4.0 151.63 OK
r-patched-linux-x86_64 0.4.0 5.41 128.02 133.43 OK
r-patched-solaris-x86 0.4.0 246.90 OK
r-release-linux-x86_64 0.4.0 6.84 126.65 133.49 OK
r-release-windows-ix86+x86_64 0.4.0 21.00 222.00 243.00 OK
r-release-osx-x86_64 0.4.0 ERROR
r-oldrel-windows-ix86+x86_64 0.4.0 18.00 219.00 237.00 OK
r-oldrel-osx-x86_64 0.4.0 ERROR

Check Details

Version: 0.4.0
Check: package dependencies
Result: NOTE
    Packages suggested but not available for checking:
     'SingleCellExperiment', 'SummarizedExperiment'
Flavor: r-release-osx-x86_64

Version: 0.4.0
Check: data for non-ASCII characters
Result: WARN
     Error loading dataset 'sc_example':
     Error in .requirePackage(package) :
     unable to find required package 'S4Vectors'
    
     The dataset(s) may use package(s) not declared in the DESCRIPTION file.
Flavor: r-release-osx-x86_64

Version: 0.4.0
Check: tests
Result: ERROR
     Running ‘spelling.R’ [0s/0s]
     Running ‘testthat.R’ [10s/10s]
    Running the tests in ‘tests/testthat.R’ failed.
    Last 13 lines of output:
     > test_check("clustree")
     ── 1. Error: show_axis works (@test-clustree.R#93) ────────────────────────────
     object 'sce' not found
     1: expect_is(clustree(sce, prefix = "sc3_", suffix = "_clusters", show_axis = TRUE),
     c("gg", "ggplot")) at testthat/test-clustree.R:93
     2: quasi_label(enquo(object), label, arg = "object")
     3: eval_bare(get_expr(quo), get_env(quo))
     4: clustree(sce, prefix = "sc3_", suffix = "_clusters", show_axis = TRUE)
    
     ══ testthat results ═══════════════════════════════════════════════════════════
     OK: 49 SKIPPED: 4 WARNINGS: 0 FAILED: 1
     1. Error: show_axis works (@test-clustree.R#93)
    
     Error: testthat unit tests failed
     Execution halted
Flavor: r-release-osx-x86_64

Version: 0.4.0
Check: package dependencies
Result: NOTE
    Package suggested but not available for checking: ‘SingleCellExperiment’
Flavor: r-oldrel-osx-x86_64

Version: 0.4.0
Check: tests
Result: ERROR
     Running ‘spelling.R’ [0s/0s]
     Running ‘testthat.R’ [12s/12s]
    Running the tests in ‘tests/testthat.R’ failed.
    Last 13 lines of output:
     > test_check("clustree")
     ── 1. Error: show_axis works (@test-clustree.R#93) ────────────────────────────
     object 'sce' not found
     1: expect_is(clustree(sce, prefix = "sc3_", suffix = "_clusters", show_axis = TRUE),
     c("gg", "ggplot")) at testthat/test-clustree.R:93
     2: quasi_label(enquo(object), label, arg = "object")
     3: eval_bare(get_expr(quo), get_env(quo))
     4: clustree(sce, prefix = "sc3_", suffix = "_clusters", show_axis = TRUE)
    
     ══ testthat results ═══════════════════════════════════════════════════════════
     OK: 49 SKIPPED: 4 WARNINGS: 0 FAILED: 1
     1. Error: show_axis works (@test-clustree.R#93)
    
     Error: testthat unit tests failed
     Execution halted
Flavor: r-oldrel-osx-x86_64