Last updated on 2019-05-01 01:51:41 CEST.
Flavor | Version | Tinstall | Tcheck | Ttotal | Status | Flags |
---|---|---|---|---|---|---|
r-devel-linux-x86_64-debian-clang | 0.9.1 | 8.04 | 55.56 | 63.60 | OK | |
r-devel-linux-x86_64-debian-gcc | 0.9.1 | 6.83 | 45.27 | 52.10 | OK | |
r-devel-linux-x86_64-fedora-clang | 0.9.1 | 75.97 | NOTE | |||
r-devel-linux-x86_64-fedora-gcc | 0.9.1 | 72.62 | NOTE | |||
r-patched-linux-x86_64 | 0.9.1 | 6.43 | 55.64 | 62.07 | OK | |
r-patched-solaris-x86 | 0.9.1 | 118.80 | OK | |||
r-release-linux-x86_64 | 0.9.1 | 6.55 | 55.59 | 62.14 | OK | |
r-release-windows-ix86+x86_64 | 0.9.1 | 20.00 | 109.00 | 129.00 | OK | |
r-release-osx-x86_64 | 0.9.1 | OK | ||||
r-oldrel-windows-ix86+x86_64 | 0.9.1 | 15.00 | 83.00 | 98.00 | OK | |
r-oldrel-osx-x86_64 | 0.9.1 | OK |
Version: 0.9.1
Check: compiled code
Result: NOTE
File ‘cmprskQR/libs/cmprskQR.so’:
Found no calls to: ‘R_registerRoutines’, ‘R_useDynamicSymbols’
It is good practice to register native routines and to disable symbol
search.
See ‘Writing portable packages’ in the ‘Writing R Extensions’ manual.
Flavors: r-devel-linux-x86_64-fedora-clang, r-devel-linux-x86_64-fedora-gcc