CRAN Package Check Results for Package compareDF

Last updated on 2019-05-01 01:51:41 CEST.

Flavor Version Tinstall Tcheck Ttotal Status Flags
r-devel-linux-x86_64-debian-clang 1.7.2 3.54 35.39 38.93 OK
r-devel-linux-x86_64-debian-gcc 1.7.2 2.94 27.88 30.82 OK
r-devel-linux-x86_64-fedora-clang 1.7.2 45.65 NOTE
r-devel-linux-x86_64-fedora-gcc 1.7.2 43.79 NOTE
r-patched-linux-x86_64 1.7.2 3.79 33.98 37.77 OK
r-patched-solaris-x86 1.7.2 68.00 NOTE
r-release-linux-x86_64 1.7.2 3.70 34.08 37.78 OK
r-release-windows-ix86+x86_64 1.7.2 14.00 69.00 83.00 OK
r-release-osx-x86_64 1.7.2 NOTE
r-oldrel-windows-ix86+x86_64 1.7.2 6.00 69.00 75.00 OK
r-oldrel-osx-x86_64 1.7.2 NOTE

Check Details

Version: 1.7.2
Check: dependencies in R code
Result: NOTE
    Namespaces in Imports field not imported from:
     ‘magrittr’ ‘stringr’
     All declared Imports should be used.
Flavors: r-devel-linux-x86_64-fedora-clang, r-devel-linux-x86_64-fedora-gcc, r-patched-solaris-x86, r-release-osx-x86_64, r-oldrel-osx-x86_64