CRAN Package Check Results for Package compareGroups

Last updated on 2019-05-01 01:51:41 CEST.

Flavor Version Tinstall Tcheck Ttotal Status Flags
r-devel-linux-x86_64-debian-clang 4.0.0 21.63 208.12 229.75 OK
r-devel-linux-x86_64-debian-gcc 4.0.0 18.45 159.76 178.21 OK
r-devel-linux-x86_64-fedora-clang 4.0.0 270.77 NOTE
r-devel-linux-x86_64-fedora-gcc 4.0.0 261.56 OK
r-patched-linux-x86_64 4.0.0 20.58 205.13 225.71 OK
r-patched-solaris-x86 4.0.0 406.00 NOTE
r-release-linux-x86_64 4.0.0 22.66 203.98 226.64 OK
r-release-windows-ix86+x86_64 4.0.0 67.00 427.00 494.00 NOTE
r-release-osx-x86_64 4.0.0 NOTE
r-oldrel-windows-ix86+x86_64 4.0.0 52.00 374.00 426.00 NOTE
r-oldrel-osx-x86_64 4.0.0 NOTE

Check Details

Version: 4.0.0
Check: installed package size
Result: NOTE
     installed size is 7.0Mb
     sub-directories of 1Mb or more:
     app 2.7Mb
     doc 2.3Mb
Flavors: r-devel-linux-x86_64-fedora-clang, r-patched-solaris-x86, r-release-windows-ix86+x86_64, r-release-osx-x86_64, r-oldrel-windows-ix86+x86_64, r-oldrel-osx-x86_64