Last updated on 2019-05-01 01:51:42 CEST.
Flavor | Version | Tinstall | Tcheck | Ttotal | Status | Flags |
---|---|---|---|---|---|---|
r-devel-linux-x86_64-debian-clang | 0.2.9 | 19.72 | 182.90 | 202.62 | OK | --no-vignettes |
r-devel-linux-x86_64-debian-gcc | 0.2.9 | 16.72 | 144.42 | 161.14 | OK | --no-vignettes |
r-devel-linux-x86_64-fedora-clang | 0.2.9 | 1499.95 | OK | |||
r-devel-linux-x86_64-fedora-gcc | 0.2.9 | 1400.38 | OK | |||
r-patched-linux-x86_64 | 0.2.9 | 18.48 | 176.72 | 195.20 | OK | --no-vignettes |
r-patched-solaris-x86 | 0.2.9 | 294.30 | OK | --no-vignettes | ||
r-release-linux-x86_64 | 0.2.9 | 17.23 | 175.36 | 192.59 | OK | --no-vignettes |
r-release-windows-ix86+x86_64 | 0.2.9 | 55.00 | 257.00 | 312.00 | OK | --no-vignettes |
r-release-osx-x86_64 | 0.2.9 | FAIL | ||||
r-oldrel-windows-ix86+x86_64 | 0.2.9 | 48.00 | 263.00 | 311.00 | OK | --no-vignettes |
r-oldrel-osx-x86_64 | 0.2.9 | OK |
Version: 0.2.9
Check: re-building of vignette outputs
Result: FAIL
Flavor: r-release-osx-x86_64