Last updated on 2019-05-01 01:51:42 CEST.
Flavor | Version | Tinstall | Tcheck | Ttotal | Status | Flags |
---|---|---|---|---|---|---|
r-devel-linux-x86_64-debian-clang | 0.3.6 | 2.10 | 20.39 | 22.49 | OK | |
r-devel-linux-x86_64-debian-gcc | 0.3.6 | 2.32 | 16.87 | 19.19 | OK | |
r-devel-linux-x86_64-fedora-clang | 0.3.6 | 27.73 | NOTE | |||
r-devel-linux-x86_64-fedora-gcc | 0.3.6 | 26.67 | NOTE | |||
r-patched-linux-x86_64 | 0.3.6 | 2.66 | 20.42 | 23.08 | OK | |
r-patched-solaris-x86 | 0.3.6 | 43.40 | NOTE | |||
r-release-linux-x86_64 | 0.3.6 | 2.86 | 20.34 | 23.20 | OK | |
r-release-windows-ix86+x86_64 | 0.3.6 | 9.00 | 53.00 | 62.00 | OK | |
r-release-osx-x86_64 | 0.3.6 | NOTE | ||||
r-oldrel-windows-ix86+x86_64 | 0.3.6 | 7.00 | 49.00 | 56.00 | OK | |
r-oldrel-osx-x86_64 | 0.3.6 | NOTE |
Version: 0.3.6
Check: dependencies in R code
Result: NOTE
Namespaces in Imports field not imported from:
‘R6’ ‘dplyr’ ‘r6extended’
All declared Imports should be used.
Flavors: r-devel-linux-x86_64-fedora-clang, r-devel-linux-x86_64-fedora-gcc, r-patched-solaris-x86, r-release-osx-x86_64, r-oldrel-osx-x86_64