Last updated on 2019-05-01 01:51:42 CEST.
Flavor | Version | Tinstall | Tcheck | Ttotal | Status | Flags |
---|---|---|---|---|---|---|
r-devel-linux-x86_64-debian-clang | 0.2.5 | 1.93 | 23.81 | 25.74 | OK | |
r-devel-linux-x86_64-debian-gcc | 0.2.5 | 1.84 | 19.25 | 21.09 | OK | |
r-devel-linux-x86_64-fedora-clang | 0.2.5 | 30.83 | OK | |||
r-devel-linux-x86_64-fedora-gcc | 0.2.5 | 28.57 | OK | |||
r-patched-linux-x86_64 | 0.2.5 | 2.18 | 23.00 | 25.18 | OK | |
r-patched-solaris-x86 | 0.2.5 | 44.90 | NOTE | |||
r-release-linux-x86_64 | 0.2.5 | 1.97 | 22.99 | 24.96 | OK | |
r-release-windows-ix86+x86_64 | 0.2.5 | 5.00 | 38.00 | 43.00 | OK | |
r-release-osx-x86_64 | 0.2.5 | OK | ||||
r-oldrel-windows-ix86+x86_64 | 0.2.5 | 3.00 | 46.00 | 49.00 | OK | |
r-oldrel-osx-x86_64 | 0.2.5 | OK |
Version: 0.2.5
Check: package dependencies
Result: NOTE
Package suggested but not available for checking: ‘RPostgres’
Flavor: r-patched-solaris-x86