CRAN Package Check Results for Package ddiv

Last updated on 2019-05-01 01:51:43 CEST.

Flavor Version Tinstall Tcheck Ttotal Status Flags
r-devel-linux-x86_64-debian-clang 0.1.0 1.97 44.89 46.86 OK
r-devel-linux-x86_64-debian-gcc 0.1.0 1.78 35.14 36.92 OK
r-devel-linux-x86_64-fedora-clang 0.1.0 55.62 NOTE
r-devel-linux-x86_64-fedora-gcc 0.1.0 52.88 NOTE
r-patched-linux-x86_64 0.1.0 2.24 44.06 46.30 OK
r-patched-solaris-x86 0.1.0 70.30 NOTE
r-release-linux-x86_64 0.1.0 2.33 44.38 46.71 OK
r-release-windows-ix86+x86_64 0.1.0 7.00 75.00 82.00 OK
r-release-osx-x86_64 0.1.0 NOTE
r-oldrel-windows-ix86+x86_64 0.1.0 7.00 64.00 71.00 OK
r-oldrel-osx-x86_64 0.1.0 NOTE

Check Details

Version: 0.1.0
Check: dependencies in R code
Result: NOTE
    Namespace in Imports field not imported from: ‘MASS’
     All declared Imports should be used.
Flavors: r-devel-linux-x86_64-fedora-clang, r-devel-linux-x86_64-fedora-gcc, r-patched-solaris-x86, r-release-osx-x86_64, r-oldrel-osx-x86_64