Last updated on 2019-05-01 01:51:43 CEST.
Flavor | Version | Tinstall | Tcheck | Ttotal | Status | Flags |
---|---|---|---|---|---|---|
r-devel-linux-x86_64-debian-clang | 0.9.15 | 9.10 | 35.47 | 44.57 | NOTE | |
r-devel-linux-x86_64-debian-gcc | 0.9.15 | 6.73 | 27.46 | 34.19 | NOTE | |
r-devel-linux-x86_64-fedora-clang | 0.9.15 | 52.82 | NOTE | |||
r-devel-linux-x86_64-fedora-gcc | 0.9.15 | 49.74 | NOTE | |||
r-patched-linux-x86_64 | 0.9.15 | 8.46 | 34.05 | 42.51 | NOTE | |
r-patched-solaris-x86 | 0.9.15 | 79.40 | NOTE | |||
r-release-linux-x86_64 | 0.9.15 | 7.71 | 34.41 | 42.12 | NOTE | |
r-release-windows-ix86+x86_64 | 0.9.15 | 33.00 | 74.00 | 107.00 | NOTE | |
r-release-osx-x86_64 | 0.9.15 | NOTE | ||||
r-oldrel-windows-ix86+x86_64 | 0.9.15 | 30.00 | 54.00 | 84.00 | NOTE | |
r-oldrel-osx-x86_64 | 0.9.15 | NOTE |
Version: 0.9.15
Check: package dependencies
Result: NOTE
Package suggested but not available for checking: 'Rdonlp2'
Flavors: r-devel-linux-x86_64-debian-clang, r-devel-linux-x86_64-debian-gcc, r-devel-linux-x86_64-fedora-clang, r-devel-linux-x86_64-fedora-gcc, r-patched-linux-x86_64, r-patched-solaris-x86, r-release-linux-x86_64, r-release-windows-ix86+x86_64, r-release-osx-x86_64, r-oldrel-windows-ix86+x86_64, r-oldrel-osx-x86_64