CRAN Package Check Results for Package diffusr

Last updated on 2019-05-01 01:51:43 CEST.

Flavor Version Tinstall Tcheck Ttotal Status Flags
r-devel-linux-x86_64-debian-clang 0.1.4 57.27 33.31 90.58 OK
r-devel-linux-x86_64-debian-gcc 0.1.4 46.69 26.45 73.14 OK
r-devel-linux-x86_64-fedora-clang 0.1.4 130.90 NOTE
r-devel-linux-x86_64-fedora-gcc 0.1.4 112.37 NOTE
r-patched-linux-x86_64 0.1.4 52.77 32.38 85.15 OK
r-patched-solaris-x86 0.1.4 118.30 NOTE
r-release-linux-x86_64 0.1.4 56.99 32.60 89.59 OK
r-release-windows-ix86+x86_64 0.1.4 137.00 84.00 221.00 OK
r-release-osx-x86_64 0.1.4 NOTE
r-oldrel-windows-ix86+x86_64 0.1.4 135.00 85.00 220.00 OK
r-oldrel-osx-x86_64 0.1.4 NOTE

Check Details

Version: 0.1.4
Check: installed package size
Result: NOTE
     installed size is 10.7Mb
     sub-directories of 1Mb or more:
     libs 9.8Mb
Flavors: r-devel-linux-x86_64-fedora-clang, r-release-osx-x86_64, r-oldrel-osx-x86_64

Version: 0.1.4
Check: dependencies in R code
Result: NOTE
    Namespace in Imports field not imported from: ‘methods’
     All declared Imports should be used.
Flavors: r-devel-linux-x86_64-fedora-clang, r-devel-linux-x86_64-fedora-gcc, r-patched-solaris-x86, r-release-osx-x86_64, r-oldrel-osx-x86_64