CRAN Package Check Results for Package dodgr

Last updated on 2019-05-01 01:51:43 CEST.

Flavor Version Tinstall Tcheck Ttotal Status Flags
r-devel-linux-x86_64-debian-clang 0.1.3 88.29 207.78 296.07 NOTE
r-devel-linux-x86_64-debian-gcc 0.1.3 73.15 154.55 227.70 NOTE
r-devel-linux-x86_64-fedora-clang 0.1.3 389.50 NOTE
r-devel-linux-x86_64-fedora-gcc 0.1.3 333.87 NOTE
r-patched-linux-x86_64 0.1.3 88.51 198.22 286.73 NOTE
r-patched-solaris-x86 0.1.3 374.40 WARN
r-release-linux-x86_64 0.1.3 86.28 198.75 285.03 NOTE
r-release-windows-ix86+x86_64 0.1.3 268.00 414.00 682.00 NOTE
r-release-osx-x86_64 0.1.3 NOTE
r-oldrel-windows-ix86+x86_64 0.1.3 264.00 374.00 638.00 NOTE
r-oldrel-osx-x86_64 0.1.3 NOTE

Check Details

Version: 0.1.3
Check: for GNU extensions in Makefiles
Result: NOTE
    GNU make is a SystemRequirements.
Flavors: r-devel-linux-x86_64-debian-clang, r-devel-linux-x86_64-debian-gcc, r-devel-linux-x86_64-fedora-clang, r-devel-linux-x86_64-fedora-gcc, r-patched-linux-x86_64, r-patched-solaris-x86, r-release-linux-x86_64, r-release-windows-ix86+x86_64, r-release-osx-x86_64, r-oldrel-windows-ix86+x86_64, r-oldrel-osx-x86_64

Version: 0.1.3
Check: installed package size
Result: NOTE
     installed size is 11.1Mb
     sub-directories of 1Mb or more:
     doc 3.2Mb
     libs 7.6Mb
Flavors: r-devel-linux-x86_64-fedora-clang, r-release-windows-ix86+x86_64, r-release-osx-x86_64, r-oldrel-windows-ix86+x86_64, r-oldrel-osx-x86_64

Version: 0.1.3
Check: re-building of vignette outputs
Result: WARN
    Error(s) in re-building vignettes:
     ...
    --- re-building ‘benchmark.Rmd’ using rmarkdown
    Warning in engine$weave(file, quiet = quiet, encoding = enc) :
     Pandoc (>= 1.12.3) and/or pandoc-citeproc not available. Falling back to R Markdown v1.
    Loading dodgr
    Re-compiling dodgr
    Quitting from lines 18-19 (benchmark.Rmd)
    Error: processing vignette 'benchmark.Rmd' failed with diagnostics:
    System command error
    --- failed re-building ‘benchmark.Rmd’
    
    --- re-building ‘dodgr.Rmd’ using rmarkdown
    Warning in engine$weave(file, quiet = quiet, encoding = enc) :
     Pandoc (>= 1.12.3) and/or pandoc-citeproc not available. Falling back to R Markdown v1.
    Loading dodgr
    Re-compiling dodgr
    Quitting from lines 22-23 (dodgr.Rmd)
    Error: processing vignette 'dodgr.Rmd' failed with diagnostics:
    System command error
    --- failed re-building ‘dodgr.Rmd’
    
    SUMMARY: processing the following files failed:
     ‘benchmark.Rmd’ ‘dodgr.Rmd’
    
    Error: Vignette re-building failed.
    Execution halted
Flavor: r-patched-solaris-x86