CRAN Package Check Results for Package dostats

Last updated on 2019-05-01 01:51:43 CEST.

Flavor Version Tinstall Tcheck Ttotal Status Flags
r-devel-linux-x86_64-debian-clang 1.3.2 1.66 20.29 21.95 NOTE
r-devel-linux-x86_64-debian-gcc 1.3.2 1.43 16.69 18.12 NOTE
r-devel-linux-x86_64-fedora-clang 1.3.2 26.64 NOTE
r-devel-linux-x86_64-fedora-gcc 1.3.2 24.75 NOTE
r-patched-linux-x86_64 1.3.2 1.73 20.36 22.09 NOTE
r-patched-solaris-x86 1.3.2 40.60 NOTE
r-release-linux-x86_64 1.3.2 1.64 20.35 21.99 NOTE
r-release-windows-ix86+x86_64 1.3.2 6.00 50.00 56.00 NOTE
r-release-osx-x86_64 1.3.2 NOTE
r-oldrel-windows-ix86+x86_64 1.3.2 4.00 46.00 50.00 NOTE
r-oldrel-osx-x86_64 1.3.2 NOTE

Check Details

Version: 1.3.2
Check: R code for possible problems
Result: NOTE
    dostats: no visible binding for global variable 'na.fail'
    first: no visible global function definition for 'head'
    last: no visible global function definition for 'tail'
    pval.default: no visible global function definition for '.hasSlot'
    pval.lm: no visible global function definition for 'anova'
    Undefined global functions or variables:
     .hasSlot anova head na.fail tail
    Consider adding
     importFrom("methods", ".hasSlot")
     importFrom("stats", "anova", "na.fail")
     importFrom("utils", "head", "tail")
    to your NAMESPACE file (and ensure that your DESCRIPTION Imports field
    contains 'methods').
Flavors: r-devel-linux-x86_64-debian-clang, r-devel-linux-x86_64-debian-gcc, r-devel-linux-x86_64-fedora-clang, r-devel-linux-x86_64-fedora-gcc, r-patched-linux-x86_64, r-patched-solaris-x86, r-release-linux-x86_64, r-release-windows-ix86+x86_64, r-release-osx-x86_64, r-oldrel-windows-ix86+x86_64, r-oldrel-osx-x86_64