Last updated on 2019-05-01 01:51:44 CEST.
Flavor | Version | Tinstall | Tcheck | Ttotal | Status | Flags |
---|---|---|---|---|---|---|
r-devel-linux-x86_64-debian-clang | 0.8.0.1 | 266.85 | 142.86 | 409.71 | ERROR | |
r-devel-linux-x86_64-debian-gcc | 0.8.0.1 | 232.58 | 111.02 | 343.60 | OK | |
r-devel-linux-x86_64-fedora-clang | 0.8.0.1 | 613.98 | NOTE | |||
r-devel-linux-x86_64-fedora-gcc | 0.8.0.1 | 558.83 | NOTE | |||
r-patched-linux-x86_64 | 0.8.0.1 | 259.44 | 143.17 | 402.61 | OK | |
r-patched-solaris-x86 | 0.8.0.1 | 561.70 | NOTE | |||
r-release-linux-x86_64 | 0.8.0.1 | 268.12 | 142.64 | 410.76 | OK | |
r-release-windows-ix86+x86_64 | 0.8.0.1 | 643.00 | 335.00 | 978.00 | NOTE | |
r-release-osx-x86_64 | 0.8.0.1 | NOTE | ||||
r-oldrel-windows-ix86+x86_64 | 0.8.0.1 | 626.00 | 317.00 | 943.00 | NOTE | |
r-oldrel-osx-x86_64 | 0.8.0.1 | NOTE |
Version: 0.8.0.1
Check: tests
Result: ERROR
Running 'testthat.R' [24s/26s]
Running the tests in 'tests/testthat.R' failed.
Complete output:
> library(testthat)
> library(dplyr)
Attaching package: 'dplyr'
The following object is masked from 'package:testthat':
matches
The following objects are masked from 'package:stats':
filter, lag
The following objects are masked from 'package:base':
intersect, setdiff, setequal, union
>
> test_check("dplyr")
-- 1. Failure: Non-ascii column names in version 0.3 are not duplicated (#636) (
`res` not equal to names(df).
Lengths differ: 3 is not 2
-- 2. Failure: Non-ascii column names in version 0.3 are not duplicated (#636) (
`res` not equal to names(df).
Lengths differ: 3 is not 2
-- 3. Error: no utf8 invasion (#722) (@test-mutate.r#481) ---------------------
utf-8.txt:5:0: unexpected end of input
3: # we use a different file extension to avoid this.
4: df <- data.frame(
^
1: source("utf-8.txt", local = TRUE, encoding = "UTF-8") at testthat/test-mutate.r:481
== testthat results ===========================================================
OK: 3546 SKIPPED: 7 WARNINGS: 3 FAILED: 3
1. Failure: Non-ascii column names in version 0.3 are not duplicated (#636) (@test-mutate.r#416)
2. Failure: Non-ascii column names in version 0.3 are not duplicated (#636) (@test-mutate.r#419)
3. Error: no utf8 invasion (#722) (@test-mutate.r#481)
Error: testthat unit tests failed
In addition: Warning message:
call dbDisconnect() when finished working with a connection
Execution halted
Flavor: r-devel-linux-x86_64-debian-clang
Version: 0.8.0.1
Check: installed package size
Result: NOTE
installed size is 27.5Mb
sub-directories of 1Mb or more:
libs 25.2Mb
Flavors: r-devel-linux-x86_64-fedora-clang, r-patched-solaris-x86, r-release-windows-ix86+x86_64, r-release-osx-x86_64, r-oldrel-windows-ix86+x86_64, r-oldrel-osx-x86_64
Version: 0.8.0.1
Check: data for non-ASCII characters
Result: NOTE
Note: found 4 marked UTF-8 strings
Flavors: r-devel-linux-x86_64-fedora-clang, r-devel-linux-x86_64-fedora-gcc, r-patched-solaris-x86, r-release-osx-x86_64, r-oldrel-osx-x86_64