Last updated on 2019-05-01 01:51:44 CEST.
Flavor | Version | Tinstall | Tcheck | Ttotal | Status | Flags |
---|---|---|---|---|---|---|
r-devel-linux-x86_64-debian-clang | 1.1.3 | 101.97 | 117.83 | 219.80 | OK | |
r-devel-linux-x86_64-debian-gcc | 1.1.3 | 74.75 | 89.35 | 164.10 | OK | |
r-devel-linux-x86_64-fedora-clang | 1.1.3 | 307.68 | NOTE | |||
r-devel-linux-x86_64-fedora-gcc | 1.1.3 | 267.23 | NOTE | |||
r-patched-linux-x86_64 | 1.1.3 | 88.77 | 111.39 | 200.16 | OK | |
r-patched-solaris-x86 | 1.1.3 | 336.30 | NOTE | |||
r-release-linux-x86_64 | 1.1.3 | 88.82 | 111.42 | 200.24 | OK | |
r-release-windows-ix86+x86_64 | 1.1.3 | 258.00 | 237.00 | 495.00 | OK | |
r-release-osx-x86_64 | 1.1.3 | NOTE | ||||
r-oldrel-windows-ix86+x86_64 | 1.1.3 | 252.00 | 162.00 | 414.00 | OK | |
r-oldrel-osx-x86_64 | 1.1.3 | NOTE |
Version: 1.1.3
Check: dependencies in R code
Result: NOTE
Namespace in Imports field not imported from: ‘purrr’
All declared Imports should be used.
Flavors: r-devel-linux-x86_64-fedora-clang, r-devel-linux-x86_64-fedora-gcc, r-patched-solaris-x86, r-release-osx-x86_64, r-oldrel-osx-x86_64