Last updated on 2019-05-01 01:51:44 CEST.
Flavor | Version | Tinstall | Tcheck | Ttotal | Status | Flags |
---|---|---|---|---|---|---|
r-devel-linux-x86_64-debian-clang | 0.2 | 1.58 | 25.27 | 26.85 | NOTE | |
r-devel-linux-x86_64-debian-gcc | 0.2 | 1.35 | 19.52 | 20.87 | NOTE | |
r-devel-linux-x86_64-fedora-clang | 0.2 | 32.20 | NOTE | |||
r-devel-linux-x86_64-fedora-gcc | 0.2 | 31.42 | NOTE | |||
r-patched-linux-x86_64 | 0.2 | 1.45 | 25.71 | 27.16 | NOTE | |
r-patched-solaris-x86 | 0.2 | 47.60 | NOTE | |||
r-release-linux-x86_64 | 0.2 | 1.42 | 25.52 | 26.94 | NOTE | |
r-release-windows-ix86+x86_64 | 0.2 | 6.00 | 36.00 | 42.00 | NOTE | |
r-release-osx-x86_64 | 0.2 | NOTE | ||||
r-oldrel-windows-ix86+x86_64 | 0.2 | 2.00 | 35.00 | 37.00 | NOTE | |
r-oldrel-osx-x86_64 | 0.2 | NOTE |
Version: 0.2
Check: R code for possible problems
Result: NOTE
GetIntMod: no visible global function definition for 'arima'
GetLikeDI: no visible global function definition for 'arima'
GetLikeDI: no visible global function definition for 'logLik'
GetPV: no visible global function definition for 'optimize'
GetPV: no visible global function definition for 'pchisq'
fitdi: no visible global function definition for 'optimize'
Undefined global functions or variables:
arima logLik optimize pchisq
Consider adding
importFrom("stats", "arima", "logLik", "optimize", "pchisq")
to your NAMESPACE file.
Flavors: r-devel-linux-x86_64-debian-clang, r-devel-linux-x86_64-debian-gcc, r-devel-linux-x86_64-fedora-clang, r-devel-linux-x86_64-fedora-gcc, r-patched-linux-x86_64, r-patched-solaris-x86, r-release-linux-x86_64, r-release-windows-ix86+x86_64, r-release-osx-x86_64, r-oldrel-windows-ix86+x86_64, r-oldrel-osx-x86_64