Last updated on 2019-05-01 01:51:44 CEST.
Flavor | Version | Tinstall | Tcheck | Ttotal | Status | Flags |
---|---|---|---|---|---|---|
r-devel-linux-x86_64-debian-clang | 1.0 | 1.80 | 19.06 | 20.86 | NOTE | |
r-devel-linux-x86_64-debian-gcc | 1.0 | 1.36 | 15.81 | 17.17 | NOTE | |
r-devel-linux-x86_64-fedora-clang | 1.0 | 24.88 | NOTE | |||
r-devel-linux-x86_64-fedora-gcc | 1.0 | 23.87 | NOTE | |||
r-patched-linux-x86_64 | 1.0 | 1.66 | 19.27 | 20.93 | NOTE | |
r-patched-solaris-x86 | 1.0 | 40.00 | NOTE | |||
r-release-linux-x86_64 | 1.0 | 1.93 | 18.93 | 20.86 | NOTE | |
r-release-windows-ix86+x86_64 | 1.0 | 6.00 | 40.00 | 46.00 | NOTE | |
r-release-osx-x86_64 | 1.0 | NOTE | ||||
r-oldrel-windows-ix86+x86_64 | 1.0 | 3.00 | 31.00 | 34.00 | NOTE | |
r-oldrel-osx-x86_64 | 1.0 | NOTE |
Version: 1.0
Check: R code for possible problems
Result: NOTE
ecipex: no visible binding for global variable 'nistiso'
ecipex : <anonymous>: no visible global function definition for 'nextn'
ecipex : <anonymous>: no visible global function definition for 'fft'
ecipex : <anonymous> : <anonymous>: no visible global function
definition for 'fft'
Undefined global functions or variables:
fft nextn nistiso
Consider adding
importFrom("stats", "fft", "nextn")
to your NAMESPACE file.
Flavors: r-devel-linux-x86_64-debian-clang, r-devel-linux-x86_64-debian-gcc, r-devel-linux-x86_64-fedora-clang, r-devel-linux-x86_64-fedora-gcc, r-patched-linux-x86_64, r-patched-solaris-x86, r-release-linux-x86_64, r-release-windows-ix86+x86_64, r-release-osx-x86_64, r-oldrel-windows-ix86+x86_64, r-oldrel-osx-x86_64