CRAN Package Check Results for Package ecoengine

Last updated on 2019-05-01 01:51:44 CEST.

Flavor Version Tinstall Tcheck Ttotal Status Flags
r-devel-linux-x86_64-debian-clang 1.11.0 5.39 38.37 43.76 OK
r-devel-linux-x86_64-debian-gcc 1.11.0 4.22 30.83 35.05 OK
r-devel-linux-x86_64-fedora-clang 1.11.0 51.51 NOTE
r-devel-linux-x86_64-fedora-gcc 1.11.0 47.81 NOTE
r-patched-linux-x86_64 1.11.0 4.92 37.36 42.28 OK
r-patched-solaris-x86 1.11.0 81.60 NOTE
r-release-linux-x86_64 1.11.0 5.29 37.19 42.48 OK
r-release-windows-ix86+x86_64 1.11.0 20.00 83.00 103.00 OK
r-release-osx-x86_64 1.11.0 NOTE
r-oldrel-windows-ix86+x86_64 1.11.0 10.00 82.00 92.00 OK
r-oldrel-osx-x86_64 1.11.0 NOTE

Check Details

Version: 1.11.0
Check: dependencies in R code
Result: NOTE
    Namespace in Imports field not imported from: ‘magrittr’
     All declared Imports should be used.
Flavors: r-devel-linux-x86_64-fedora-clang, r-devel-linux-x86_64-fedora-gcc, r-patched-solaris-x86, r-release-osx-x86_64, r-oldrel-osx-x86_64