CRAN Package Check Results for Package edrGraphicalTools

Last updated on 2019-05-01 01:51:44 CEST.

Flavor Version Tinstall Tcheck Ttotal Status Flags
r-devel-linux-x86_64-debian-clang 2.2 5.27 40.81 46.08 OK
r-devel-linux-x86_64-debian-gcc 2.2 3.96 32.14 36.10 OK
r-devel-linux-x86_64-fedora-clang 2.2 53.50 OK
r-devel-linux-x86_64-fedora-gcc 2.2 50.89 OK
r-patched-linux-x86_64 2.2 4.98 40.03 45.01 OK
r-patched-solaris-x86 2.2 91.90 OK
r-release-linux-x86_64 2.2 4.88 39.96 44.84 OK
r-release-windows-ix86+x86_64 2.2 21.00 100.00 121.00 OK
r-release-osx-x86_64 2.2 WARN
r-oldrel-windows-ix86+x86_64 2.2 16.00 83.00 99.00 OK
r-oldrel-osx-x86_64 2.2 OK

Check Details

Version: 2.2
Check: whether package can be installed
Result: WARN
    Found the following significant warnings:
     Warning: 'rgl_init' failed, running with rgl.useNULL = TRUE
Flavor: r-release-osx-x86_64