Last updated on 2019-05-01 01:51:44 CEST.
Flavor | Version | Tinstall | Tcheck | Ttotal | Status | Flags |
---|---|---|---|---|---|---|
r-devel-linux-x86_64-debian-clang | 1.0.6 | 15.26 | 91.58 | 106.84 | OK | |
r-devel-linux-x86_64-debian-gcc | 1.0.6 | 11.80 | 72.09 | 83.89 | OK | |
r-devel-linux-x86_64-fedora-clang | 1.0.6 | 124.88 | OK | |||
r-devel-linux-x86_64-fedora-gcc | 1.0.6 | 122.72 | OK | |||
r-patched-linux-x86_64 | 1.0.6 | 14.06 | 90.80 | 104.86 | OK | |
r-patched-solaris-x86 | 1.0.6 | 202.40 | OK | |||
r-release-linux-x86_64 | 1.0.6 | 14.83 | 89.93 | 104.76 | OK | |
r-release-windows-ix86+x86_64 | 1.0.6 | 28.00 | 125.00 | 153.00 | OK | |
r-release-osx-x86_64 | 1.0.6 | FAIL | ||||
r-oldrel-windows-ix86+x86_64 | 1.0.6 | 18.00 | 93.00 | 111.00 | OK | |
r-oldrel-osx-x86_64 | 1.0.6 | OK |
Version: 1.0.6
Check: whether package can be installed
Result: FAIL
Flavor: r-release-osx-x86_64