Last updated on 2019-05-01 01:51:44 CEST.
Flavor | Version | Tinstall | Tcheck | Ttotal | Status | Flags |
---|---|---|---|---|---|---|
r-devel-linux-x86_64-debian-clang | 1.0.0 | 7.39 | 40.93 | 48.32 | OK | |
r-devel-linux-x86_64-debian-gcc | 1.0.0 | 5.65 | 31.95 | 37.60 | OK | |
r-devel-linux-x86_64-fedora-clang | 1.0.0 | 55.77 | OK | |||
r-devel-linux-x86_64-fedora-gcc | 1.0.0 | 53.11 | OK | |||
r-patched-linux-x86_64 | 1.0.0 | 5.84 | 40.24 | 46.08 | OK | |
r-patched-solaris-x86 | 1.0.0 | 78.20 | NOTE | |||
r-release-linux-x86_64 | 1.0.0 | 6.13 | 40.02 | 46.15 | OK | |
r-release-windows-ix86+x86_64 | 1.0.0 | 14.00 | 77.00 | 91.00 | OK | |
r-release-osx-x86_64 | 1.0.0 | OK | ||||
r-oldrel-windows-ix86+x86_64 | 1.0.0 | 13.00 | 80.00 | 93.00 | OK | |
r-oldrel-osx-x86_64 | 1.0.0 | OK |
Version: 1.0.0
Check: installed package size
Result: NOTE
installed size is 5.0Mb
sub-directories of 1Mb or more:
examples 4.2Mb
Flavor: r-patched-solaris-x86