Last updated on 2019-05-01 01:51:44 CEST.
Flavor | Version | Tinstall | Tcheck | Ttotal | Status | Flags |
---|---|---|---|---|---|---|
r-devel-linux-x86_64-debian-clang | 2.1.2 | 33.90 | 29.36 | 63.26 | OK | |
r-devel-linux-x86_64-debian-gcc | 2.1.2 | 26.97 | 25.41 | 52.38 | OK | |
r-devel-linux-x86_64-fedora-clang | 2.1.2 | 88.77 | OK | |||
r-devel-linux-x86_64-fedora-gcc | 2.1.2 | 82.36 | OK | |||
r-patched-linux-x86_64 | 2.1.2 | 31.75 | 30.08 | 61.83 | OK | |
r-patched-solaris-x86 | 2.1.2 | 106.20 | OK | |||
r-release-linux-x86_64 | 2.1.2 | 31.37 | 30.34 | 61.71 | OK | |
r-release-windows-ix86+x86_64 | 2.1.2 | 117.00 | 93.00 | 210.00 | OK | |
r-release-osx-x86_64 | 2.1.2 | WARN | ||||
r-oldrel-windows-ix86+x86_64 | 2.1.2 | 106.00 | 61.00 | 167.00 | OK | |
r-oldrel-osx-x86_64 | 2.1.2 | OK |
Version: 2.1.2
Check: whether package can be installed
Result: WARN
Found the following significant warnings:
WARNING: shared objects/dynamic libraries with hard-coded temporary installation paths
Flavor: r-release-osx-x86_64