CRAN Package Check Results for Package exams

Last updated on 2019-05-01 01:51:45 CEST.

Flavor Version Tinstall Tcheck Ttotal Status Flags
r-devel-linux-x86_64-debian-clang 2.3-2 13.81 159.53 173.34 NOTE
r-devel-linux-x86_64-debian-gcc 2.3-2 11.27 126.13 137.40 NOTE
r-devel-linux-x86_64-fedora-clang 2.3-2 203.48 NOTE
r-devel-linux-x86_64-fedora-gcc 2.3-2 194.65 OK
r-patched-linux-x86_64 2.3-2 12.83 156.39 169.22 NOTE
r-patched-solaris-x86 2.3-2 285.50 OK
r-release-linux-x86_64 2.3-2 10.82 156.36 167.18 NOTE
r-release-windows-ix86+x86_64 2.3-2 24.00 509.00 533.00 OK
r-release-osx-x86_64 2.3-2 OK
r-oldrel-windows-ix86+x86_64 2.3-2 22.00 392.00 414.00 OK
r-oldrel-osx-x86_64 2.3-2 OK

Check Details

Version: 2.3-2
Check: R code for possible problems
Result: NOTE
    Found the following assignments to the global environment:
    File 'exams/R/xexams.R':
     assign(".xweave_svg_grdevice", .xweave_svg_grdevice, envir = .GlobalEnv)
Flavors: r-devel-linux-x86_64-debian-clang, r-devel-linux-x86_64-debian-gcc, r-devel-linux-x86_64-fedora-clang, r-patched-linux-x86_64, r-release-linux-x86_64