CRAN Package Check Results for Package export

Last updated on 2019-05-01 01:51:45 CEST.

Flavor Version Tinstall Tcheck Ttotal Status Flags
r-devel-linux-x86_64-debian-clang 0.2.2 6.56 71.53 78.09 OK
r-devel-linux-x86_64-debian-gcc 0.2.2 5.19 56.82 62.01 OK
r-devel-linux-x86_64-fedora-clang 0.2.2 99.77 OK
r-devel-linux-x86_64-fedora-gcc 0.2.2 95.05 OK
r-patched-linux-x86_64 0.2.2 5.90 66.61 72.51 OK
r-patched-solaris-x86 0.2.2 132.10 OK
r-release-linux-x86_64 0.2.2 6.20 68.55 74.75 OK
r-release-windows-ix86+x86_64 0.2.2 30.00 140.00 170.00 OK
r-release-osx-x86_64 0.2.2 WARN
r-oldrel-windows-ix86+x86_64 0.2.2 17.00 85.00 102.00 OK
r-oldrel-osx-x86_64 0.2.2 OK

Check Details

Version: 0.2.2
Check: whether package can be installed
Result: WARN
    Found the following significant warnings:
     Warning: 'rgl_init' failed, running with rgl.useNULL = TRUE
Flavor: r-release-osx-x86_64