CRAN Package Check Results for Package fauxpas

Last updated on 2019-05-01 01:51:45 CEST.

Flavor Version Tinstall Tcheck Ttotal Status Flags
r-devel-linux-x86_64-debian-clang 0.2.0 46.02 32.51 78.53 OK
r-devel-linux-x86_64-debian-gcc 0.2.0 40.42 26.09 66.51 OK
r-devel-linux-x86_64-fedora-clang 0.2.0 97.62 NOTE
r-devel-linux-x86_64-fedora-gcc 0.2.0 97.59 NOTE
r-patched-linux-x86_64 0.2.0 42.23 32.50 74.73 OK
r-patched-solaris-x86 0.2.0 126.10 NOTE
r-release-linux-x86_64 0.2.0 43.49 31.83 75.32 OK
r-release-windows-ix86+x86_64 0.2.0 72.00 58.00 130.00 OK
r-release-osx-x86_64 0.2.0 NOTE
r-oldrel-windows-ix86+x86_64 0.2.0 67.00 61.00 128.00 OK
r-oldrel-osx-x86_64 0.2.0 NOTE

Check Details

Version: 0.2.0
Check: dependencies in R code
Result: NOTE
    Namespace in Imports field not imported from: ‘whisker’
     All declared Imports should be used.
Flavors: r-devel-linux-x86_64-fedora-clang, r-devel-linux-x86_64-fedora-gcc, r-patched-solaris-x86, r-release-osx-x86_64, r-oldrel-osx-x86_64