Last updated on 2019-05-01 01:51:45 CEST.
Flavor | Version | Tinstall | Tcheck | Ttotal | Status | Flags |
---|---|---|---|---|---|---|
r-devel-linux-x86_64-debian-clang | 0.1-4 | 70.64 | 63.47 | 134.11 | OK | |
r-devel-linux-x86_64-debian-gcc | 0.1-4 | 72.26 | 50.68 | 122.94 | OK | |
r-devel-linux-x86_64-fedora-clang | 0.1-4 | 183.03 | NOTE | |||
r-devel-linux-x86_64-fedora-gcc | 0.1-4 | 178.36 | NOTE | |||
r-patched-linux-x86_64 | 0.1-4 | 83.33 | 66.72 | 150.05 | OK | |
r-patched-solaris-x86 | 0.1-4 | 193.80 | OK | |||
r-release-linux-x86_64 | 0.1-4 | 79.37 | 65.32 | 144.69 | OK | |
r-release-windows-ix86+x86_64 | 0.1-4 | 184.00 | 304.00 | 488.00 | OK | |
r-release-osx-x86_64 | 0.1-4 | WARN | ||||
r-oldrel-windows-ix86+x86_64 | 0.1-4 | 176.00 | 234.00 | 410.00 | OK | |
r-oldrel-osx-x86_64 | 0.1-4 | NOTE |
Version: 0.1-4
Check: installed package size
Result: NOTE
installed size is 21.9Mb
sub-directories of 1Mb or more:
libs 21.6Mb
Flavors: r-devel-linux-x86_64-fedora-clang, r-release-osx-x86_64, r-oldrel-osx-x86_64
Version: 0.1-4
Check: compiled code
Result: NOTE
File ‘fdaPDE/libs/fdaPDE.so’:
Found no calls to: ‘R_registerRoutines’, ‘R_useDynamicSymbols’
It is good practice to register native routines and to disable symbol
search.
See ‘Writing portable packages’ in the ‘Writing R Extensions’ manual.
Flavors: r-devel-linux-x86_64-fedora-clang, r-devel-linux-x86_64-fedora-gcc
Version: 0.1-4
Check: whether package can be installed
Result: WARN
Found the following significant warnings:
Warning: 'rgl_init' failed, running with rgl.useNULL = TRUE
Flavor: r-release-osx-x86_64