Last updated on 2019-05-01 01:51:45 CEST.
Flavor | Version | Tinstall | Tcheck | Ttotal | Status | Flags |
---|---|---|---|---|---|---|
r-devel-linux-x86_64-debian-clang | 0.9.1 | 13.52 | 232.08 | 245.60 | OK | |
r-devel-linux-x86_64-debian-gcc | 0.9.1 | 10.77 | 170.81 | 181.58 | OK | |
r-devel-linux-x86_64-fedora-clang | 0.9.1 | 299.64 | NOTE | |||
r-devel-linux-x86_64-fedora-gcc | 0.9.1 | 272.70 | NOTE | |||
r-patched-linux-x86_64 | 0.9.1 | 13.39 | 220.62 | 234.01 | OK | |
r-patched-solaris-x86 | 0.9.1 | 427.70 | NOTE | |||
r-release-linux-x86_64 | 0.9.1 | 12.43 | 220.92 | 233.35 | OK | |
r-release-windows-ix86+x86_64 | 0.9.1 | 45.00 | 358.00 | 403.00 | OK | |
r-release-osx-x86_64 | 0.9.1 | NOTE | ||||
r-oldrel-windows-ix86+x86_64 | 0.9.1 | 31.00 | 314.00 | 345.00 | OK | |
r-oldrel-osx-x86_64 | 0.9.1 | NOTE |
Version: 0.9.1
Check: dependencies in R code
Result: NOTE
Namespace in Imports field not imported from: ‘readr’
All declared Imports should be used.
Flavors: r-devel-linux-x86_64-fedora-clang, r-devel-linux-x86_64-fedora-gcc, r-patched-solaris-x86, r-release-osx-x86_64, r-oldrel-osx-x86_64