CRAN Package Check Results for Package fitteR

Last updated on 2019-05-01 01:51:46 CEST.

Flavor Version Tinstall Tcheck Ttotal Status Flags
r-devel-linux-x86_64-debian-clang 0.1.0 5.47 58.29 63.76 NOTE
r-devel-linux-x86_64-debian-gcc 0.1.0 4.30 47.10 51.40 NOTE
r-devel-linux-x86_64-fedora-clang 0.1.0 79.95 NOTE
r-devel-linux-x86_64-fedora-gcc 0.1.0 78.22 NOTE
r-patched-linux-x86_64 0.1.0 4.97 58.74 63.71 NOTE
r-patched-solaris-x86 0.1.0 111.40 NOTE
r-release-linux-x86_64 0.1.0 5.14 55.17 60.31 NOTE
r-release-windows-ix86+x86_64 0.1.0 22.00 93.00 115.00 OK
r-release-osx-x86_64 0.1.0 NOTE
r-oldrel-windows-ix86+x86_64 0.1.0 9.00 94.00 103.00 OK
r-oldrel-osx-x86_64 0.1.0 NOTE

Check Details

Version: 0.1.0
Check: package dependencies
Result: NOTE
    Package suggested but not available for checking: 'ExtDist'
Flavors: r-devel-linux-x86_64-debian-clang, r-devel-linux-x86_64-debian-gcc, r-devel-linux-x86_64-fedora-clang, r-devel-linux-x86_64-fedora-gcc, r-patched-linux-x86_64, r-patched-solaris-x86, r-release-linux-x86_64, r-release-osx-x86_64, r-oldrel-osx-x86_64