Last updated on 2019-05-01 01:51:46 CEST.
Flavor | Version | Tinstall | Tcheck | Ttotal | Status | Flags |
---|---|---|---|---|---|---|
r-devel-linux-x86_64-debian-clang | 1.01-2 | 2.06 | 17.93 | 19.99 | NOTE | |
r-devel-linux-x86_64-debian-gcc | 1.01-2 | 1.76 | 14.61 | 16.37 | NOTE | |
r-devel-linux-x86_64-fedora-clang | 1.01-2 | 23.92 | NOTE | |||
r-devel-linux-x86_64-fedora-gcc | 1.01-2 | 22.73 | NOTE | |||
r-patched-linux-x86_64 | 1.01-2 | 2.15 | 17.57 | 19.72 | NOTE | |
r-patched-solaris-x86 | 1.01-2 | 40.30 | NOTE | |||
r-release-linux-x86_64 | 1.01-2 | 2.11 | 17.42 | 19.53 | NOTE | |
r-release-windows-ix86+x86_64 | 1.01-2 | 12.00 | 34.00 | 46.00 | NOTE | |
r-release-osx-x86_64 | 1.01-2 | NOTE | ||||
r-oldrel-windows-ix86+x86_64 | 1.01-2 | 6.00 | 30.00 | 36.00 | NOTE | |
r-oldrel-osx-x86_64 | 1.01-2 | NOTE |
Version: 1.01-2
Check: DESCRIPTION meta-information
Result: NOTE
Malformed Description field: should contain one or more complete sentences.
Flavors: r-devel-linux-x86_64-debian-clang, r-devel-linux-x86_64-debian-gcc, r-devel-linux-x86_64-fedora-clang, r-devel-linux-x86_64-fedora-gcc, r-patched-linux-x86_64, r-patched-solaris-x86, r-release-linux-x86_64, r-release-windows-ix86+x86_64, r-release-osx-x86_64, r-oldrel-windows-ix86+x86_64, r-oldrel-osx-x86_64
Version: 1.01-2
Check: compiled code
Result: NOTE
File ‘flashClust/libs/flashClust.so’:
Found no calls to: ‘R_registerRoutines’, ‘R_useDynamicSymbols’
It is good practice to register native routines and to disable symbol
search.
See ‘Writing portable packages’ in the ‘Writing R Extensions’ manual.
Flavors: r-devel-linux-x86_64-fedora-clang, r-devel-linux-x86_64-fedora-gcc