Last updated on 2019-05-01 01:51:46 CEST.
Flavor | Version | Tinstall | Tcheck | Ttotal | Status | Flags |
---|---|---|---|---|---|---|
r-devel-linux-x86_64-debian-clang | 8.7 | 101.28 | 324.31 | 425.59 | OK | |
r-devel-linux-x86_64-debian-gcc | 8.7 | 83.87 | 238.54 | 322.41 | OK | |
r-devel-linux-x86_64-fedora-clang | 8.7 | 527.29 | OK | |||
r-devel-linux-x86_64-fedora-gcc | 8.7 | 577.85 | OK | |||
r-patched-linux-x86_64 | 8.7 | 102.35 | 320.73 | 423.08 | OK | |
r-patched-solaris-x86 | 8.7 | 632.50 | OK | |||
r-release-linux-x86_64 | 8.7 | 102.51 | 319.30 | 421.81 | OK | |
r-release-windows-ix86+x86_64 | 8.7 | 171.00 | 545.00 | 716.00 | OK | |
r-release-osx-x86_64 | 8.7 | NOTE | ||||
r-oldrel-windows-ix86+x86_64 | 8.6 | 257.00 | 761.00 | 1018.00 | WARN | |
r-oldrel-osx-x86_64 | 8.7 | OK |
Version: 8.7
Check: Rd cross-references
Result: NOTE
Package unavailable to check Rd xrefs: ‘seasonal’
Flavor: r-release-osx-x86_64
Version: 8.6
Check: whether package can be installed
Result: WARN
Found the following significant warnings:
Warning: S3 methods '[.fun_list', '[.grouped_df', 'all.equal.tbl_df', 'anti_join.data.frame', 'anti_join.tbl_df', 'arrange.data.frame', 'arrange.default', 'arrange.grouped_df', 'arrange.tbl_df', 'arrange_.data.frame', 'arrange_.tbl_df', 'as.data.frame.grouped_df', 'as.data.frame.rowwise_df', 'as.data.frame.tbl_cube', 'as.table.tbl_cube', 'as.tbl.data.frame', 'as.tbl.tbl', 'as.tbl_cube.array', 'as.tbl_cube.data.frame', 'as.tbl_cube.matrix', 'as.tbl_cube.table', 'as_tibble.grouped_df', 'as_tibble.tbl_cube', 'auto_copy.tbl_cube', 'auto_copy.tbl_df', 'cbind.grouped_df', 'collapse.data.frame', 'collect.data.frame', 'common_by.NULL', 'common_by.character', 'common_by.default', 'common_by.list', 'compute.data.frame', 'copy_to.DBIConnection', 'copy_to.src_local', 'default_missing.data.frame', 'default_missing.default', 'dim.tbl_cube', 'distinct.data.frame', 'distinct.default', 'distinct.grouped_df', 'distinct.tbl_df', 'distinct_.data.frame', 'distinct_.grouped_df', 'distinct_.tbl_df', 'do.NULL', 'do.da [... truncated]
Flavor: r-oldrel-windows-ix86+x86_64