Last updated on 2019-05-01 01:51:46 CEST.
Flavor | Version | Tinstall | Tcheck | Ttotal | Status | Flags |
---|---|---|---|---|---|---|
r-devel-linux-x86_64-debian-clang | 1.11.1 | 22.47 | 115.77 | 138.24 | OK | |
r-devel-linux-x86_64-debian-gcc | 1.11.1 | 20.70 | 91.28 | 111.98 | OK | |
r-devel-linux-x86_64-fedora-clang | 1.11.1 | 184.64 | OK | |||
r-devel-linux-x86_64-fedora-gcc | 1.11.1 | 167.99 | OK | |||
r-patched-linux-x86_64 | 1.11.1 | 22.49 | 113.06 | 135.55 | OK | |
r-patched-solaris-x86 | 1.11.1 | 271.10 | OK | |||
r-release-linux-x86_64 | 1.11.1 | 23.84 | 112.52 | 136.36 | OK | |
r-release-windows-ix86+x86_64 | 1.11.1 | 71.00 | 295.00 | 366.00 | OK | |
r-release-osx-x86_64 | 1.11.1 | WARN | ||||
r-oldrel-windows-ix86+x86_64 | 1.11.1 | 61.00 | 204.00 | 265.00 | OK | |
r-oldrel-osx-x86_64 | 1.11.1 | OK |
Version: 1.11.1
Check: whether package can be installed
Result: WARN
Found the following significant warnings:
Warning: 'rgl_init' failed, running with rgl.useNULL = TRUE
Flavor: r-release-osx-x86_64