Last updated on 2019-05-01 01:51:46 CEST.
Flavor | Version | Tinstall | Tcheck | Ttotal | Status | Flags |
---|---|---|---|---|---|---|
r-devel-linux-x86_64-debian-clang | 0.1.3 | 41.16 | 94.35 | 135.51 | OK | |
r-devel-linux-x86_64-debian-gcc | 0.1.3 | 34.56 | 71.32 | 105.88 | OK | |
r-devel-linux-x86_64-fedora-clang | 0.1.3 | 169.50 | NOTE | |||
r-devel-linux-x86_64-fedora-gcc | 0.1.3 | 158.56 | NOTE | |||
r-patched-linux-x86_64 | 0.1.3 | 40.49 | 90.86 | 131.35 | OK | |
r-patched-solaris-x86 | 0.1.3 | 202.90 | OK | |||
r-release-linux-x86_64 | 0.1.3 | 40.48 | 91.56 | 132.04 | OK | |
r-release-windows-ix86+x86_64 | 0.1.3 | 88.00 | 202.00 | 290.00 | OK | |
r-release-osx-x86_64 | 0.1.3 | NOTE | ||||
r-oldrel-windows-ix86+x86_64 | 0.1.3 | 80.00 | 196.00 | 276.00 | OK | |
r-oldrel-osx-x86_64 | 0.1.3 | NOTE |
Version: 0.1.3
Check: installed package size
Result: NOTE
installed size is 13.1Mb
sub-directories of 1Mb or more:
libs 12.6Mb
Flavors: r-devel-linux-x86_64-fedora-clang, r-release-osx-x86_64, r-oldrel-osx-x86_64
Version: 0.1.3
Check: compiled code
Result: NOTE
File ‘fssemR/libs/fssemR.so’:
Found no calls to: ‘R_registerRoutines’, ‘R_useDynamicSymbols’
It is good practice to register native routines and to disable symbol
search.
See ‘Writing portable packages’ in the ‘Writing R Extensions’ manual.
Flavors: r-devel-linux-x86_64-fedora-clang, r-devel-linux-x86_64-fedora-gcc