Last updated on 2019-05-01 01:51:46 CEST.
Flavor | Version | Tinstall | Tcheck | Ttotal | Status | Flags |
---|---|---|---|---|---|---|
r-devel-linux-x86_64-debian-clang | 0.2 | 13.53 | 125.81 | 139.34 | OK | |
r-devel-linux-x86_64-debian-gcc | 0.2 | 13.89 | 97.40 | 111.29 | OK | |
r-devel-linux-x86_64-fedora-clang | 0.2 | 162.55 | OK | |||
r-devel-linux-x86_64-fedora-gcc | 0.2 | 159.55 | OK | |||
r-patched-linux-x86_64 | 0.2 | 15.43 | 122.90 | 138.33 | OK | |
r-patched-solaris-x86 | 0.2 | 251.80 | OK | |||
r-release-linux-x86_64 | 0.2 | 15.74 | 119.83 | 135.57 | OK | |
r-release-windows-ix86+x86_64 | 0.2 | 39.00 | 170.00 | 209.00 | OK | |
r-release-osx-x86_64 | 0.2 | ERROR | ||||
r-oldrel-windows-ix86+x86_64 | 0.2 | 24.00 | 118.00 | 142.00 | OK | |
r-oldrel-osx-x86_64 | 0.2 | OK |
Version: 0.2
Check: package dependencies
Result: ERROR
Package required but not available: ‘KEGGREST’
See section ‘The DESCRIPTION file’ in the ‘Writing R Extensions’
manual.
Flavor: r-release-osx-x86_64