Last updated on 2019-05-01 01:51:46 CEST.
Flavor | Version | Tinstall | Tcheck | Ttotal | Status | Flags |
---|---|---|---|---|---|---|
r-devel-linux-x86_64-debian-clang | 1.1-22 | 19.32 | 97.20 | 116.52 | OK | |
r-devel-linux-x86_64-debian-gcc | 1.1-22 | 15.36 | 74.17 | 89.53 | WARN | |
r-devel-linux-x86_64-fedora-clang | 1.1-22 | 134.76 | OK | |||
r-devel-linux-x86_64-fedora-gcc | 1.1-22 | 128.67 | WARN | |||
r-patched-linux-x86_64 | 1.1-22 | 17.99 | 95.66 | 113.65 | WARN | |
r-patched-solaris-x86 | 1.1-22 | 182.40 | OK | |||
r-release-linux-x86_64 | 1.1-22 | 16.94 | 94.91 | 111.85 | WARN | |
r-release-windows-ix86+x86_64 | 1.1-22 | 58.00 | 188.00 | 246.00 | OK | |
r-release-osx-x86_64 | 1.1-22 | OK | ||||
r-oldrel-windows-ix86+x86_64 | 1.1-22 | 58.00 | 154.00 | 212.00 | OK | |
r-oldrel-osx-x86_64 | 1.1-22 | OK |
Version: 1.1-22
Check: whether package can be installed
Result: WARN
Found the following significant warnings:
hap_c.c:380:28: warning: ā%03dā directive writing between 3 and 10 bytes into a region of size between 0 and 127 [-Wformat-overflow=]
hap_c.c:392:28: warning: ā%03dā directive writing between 3 and 10 bytes into a region of size between 0 and 127 [-Wformat-overflow=]
Flavors: r-devel-linux-x86_64-debian-gcc, r-devel-linux-x86_64-fedora-gcc, r-patched-linux-x86_64, r-release-linux-x86_64