Last updated on 2019-05-01 01:51:46 CEST.
Flavor | Version | Tinstall | Tcheck | Ttotal | Status | Flags |
---|---|---|---|---|---|---|
r-devel-linux-x86_64-debian-clang | 1.0.11 | 4.01 | 290.82 | 294.83 | OK | |
r-devel-linux-x86_64-debian-gcc | 1.0.11 | 2.99 | 215.07 | 218.06 | OK | |
r-devel-linux-x86_64-fedora-clang | 1.0.11 | 322.42 | NOTE | |||
r-devel-linux-x86_64-fedora-gcc | 1.0.11 | 310.52 | NOTE | |||
r-patched-linux-x86_64 | 1.0.11 | 4.34 | 285.74 | 290.08 | OK | |
r-patched-solaris-x86 | 1.0.11 | 376.40 | NOTE | |||
r-release-linux-x86_64 | 1.0.11 | 4.66 | 282.45 | 287.11 | OK | |
r-release-windows-ix86+x86_64 | 1.0.11 | 15.00 | 396.00 | 411.00 | OK | |
r-release-osx-x86_64 | 1.0.11 | NOTE | ||||
r-oldrel-windows-ix86+x86_64 | 1.0.11 | 13.00 | 366.00 | 379.00 | OK | |
r-oldrel-osx-x86_64 | 1.0.11 | NOTE |
Version: 1.0.11
Check: dependencies in R code
Result: NOTE
Namespace in Imports field not imported from: ‘rootSolve’
All declared Imports should be used.
Flavors: r-devel-linux-x86_64-fedora-clang, r-devel-linux-x86_64-fedora-gcc, r-patched-solaris-x86, r-release-osx-x86_64, r-oldrel-osx-x86_64