Last updated on 2019-05-01 01:51:47 CEST.
Flavor | Version | Tinstall | Tcheck | Ttotal | Status | Flags |
---|---|---|---|---|---|---|
r-devel-linux-x86_64-debian-clang | 0.5.2 | 3.50 | 37.80 | 41.30 | NOTE | |
r-devel-linux-x86_64-debian-gcc | 0.5.2 | 2.80 | 29.99 | 32.79 | NOTE | |
r-devel-linux-x86_64-fedora-clang | 0.5.2 | 48.19 | NOTE | |||
r-devel-linux-x86_64-fedora-gcc | 0.5.2 | 45.61 | NOTE | |||
r-patched-linux-x86_64 | 0.5.2 | 3.32 | 36.65 | 39.97 | NOTE | |
r-patched-solaris-x86 | 0.5.2 | 71.40 | NOTE | |||
r-release-linux-x86_64 | 0.5.2 | 3.22 | 36.70 | 39.92 | NOTE | |
r-release-windows-ix86+x86_64 | 0.5.2 | 12.00 | 71.00 | 83.00 | NOTE | |
r-release-osx-x86_64 | 0.5.2 | NOTE | ||||
r-oldrel-windows-ix86+x86_64 | 0.5.2 | 7.00 | 65.00 | 72.00 | NOTE | |
r-oldrel-osx-x86_64 | 0.5.2 | NOTE |
Version: 0.5.2
Check: package dependencies
Result: NOTE
Package suggested but not available for checking: 'genderdata'
Flavors: r-devel-linux-x86_64-debian-clang, r-devel-linux-x86_64-debian-gcc, r-devel-linux-x86_64-fedora-clang, r-devel-linux-x86_64-fedora-gcc, r-patched-linux-x86_64, r-patched-solaris-x86, r-release-linux-x86_64, r-release-windows-ix86+x86_64, r-release-osx-x86_64, r-oldrel-windows-ix86+x86_64, r-oldrel-osx-x86_64