CRAN Package Check Results for Package geojsonio

Last updated on 2019-05-01 01:51:47 CEST.

Flavor Version Tinstall Tcheck Ttotal Status Flags
r-devel-linux-x86_64-debian-clang 0.7.0 9.60 116.14 125.74 OK
r-devel-linux-x86_64-debian-gcc 0.7.0 9.18 91.26 100.44 OK
r-devel-linux-x86_64-fedora-clang 0.7.0 126.13 OK
r-devel-linux-x86_64-fedora-gcc 0.7.0 123.85 OK
r-patched-linux-x86_64 0.7.0 10.73 113.91 124.64 OK
r-patched-solaris-x86 0.7.0 214.40 NOTE
r-release-linux-x86_64 0.7.0 11.88 114.83 126.71 OK
r-release-windows-ix86+x86_64 0.7.0 24.00 147.00 171.00 OK
r-release-osx-x86_64 0.7.0 OK
r-oldrel-windows-ix86+x86_64 0.7.0 29.00 188.00 217.00 OK
r-oldrel-osx-x86_64 0.7.0 OK

Check Details

Version: 0.7.0
Check: installed package size
Result: NOTE
     installed size is 5.7Mb
     sub-directories of 1Mb or more:
     doc 1.5Mb
     examples 1.9Mb
     vign 1.4Mb
Flavor: r-patched-solaris-x86