CRAN Package Check Results for Package geospacom

Last updated on 2019-05-01 01:51:47 CEST.

Flavor Version Tinstall Tcheck Ttotal Status Flags
r-devel-linux-x86_64-debian-clang 0.5-8 3.86 38.10 41.96 NOTE
r-devel-linux-x86_64-debian-gcc 0.5-8 3.31 30.76 34.07 NOTE
r-devel-linux-x86_64-fedora-clang 0.5-8 47.91 NOTE
r-devel-linux-x86_64-fedora-gcc 0.5-8 45.92 NOTE
r-patched-linux-x86_64 0.5-8 3.63 36.91 40.54 NOTE
r-patched-solaris-x86 0.5-8 85.70 NOTE
r-release-linux-x86_64 0.5-8 3.21 36.85 40.06 NOTE
r-release-windows-ix86+x86_64 0.5-8 17.00 101.00 118.00 NOTE
r-release-osx-x86_64 0.5-8 NOTE
r-oldrel-windows-ix86+x86_64 0.5-8 11.00 88.00 99.00 NOTE
r-oldrel-osx-x86_64 0.5-8 NOTE

Check Details

Version: 0.5-8
Check: DESCRIPTION meta-information
Result: NOTE
    Malformed Description field: should contain one or more complete sentences.
Flavors: r-devel-linux-x86_64-debian-clang, r-devel-linux-x86_64-debian-gcc, r-devel-linux-x86_64-fedora-clang, r-devel-linux-x86_64-fedora-gcc, r-patched-linux-x86_64, r-patched-solaris-x86, r-release-linux-x86_64, r-release-windows-ix86+x86_64, r-release-osx-x86_64, r-oldrel-windows-ix86+x86_64, r-oldrel-osx-x86_64

Version: 0.5-8
Check: R code for possible problems
Result: NOTE
    ImagePoly: no visible global function definition for 'plot'
    performSinglePlot: no visible global function definition for
     'heat.colors'
    Undefined global functions or variables:
     heat.colors plot
    Consider adding
     importFrom("grDevices", "heat.colors")
     importFrom("graphics", "plot")
    to your NAMESPACE file.
Flavors: r-devel-linux-x86_64-debian-clang, r-devel-linux-x86_64-debian-gcc, r-devel-linux-x86_64-fedora-clang, r-devel-linux-x86_64-fedora-gcc, r-patched-linux-x86_64, r-patched-solaris-x86, r-release-linux-x86_64, r-release-windows-ix86+x86_64, r-release-osx-x86_64, r-oldrel-windows-ix86+x86_64, r-oldrel-osx-x86_64