Last updated on 2019-05-01 01:51:47 CEST.
Flavor | Version | Tinstall | Tcheck | Ttotal | Status | Flags |
---|---|---|---|---|---|---|
r-devel-linux-x86_64-debian-clang | 1.0.2 | 56.49 | 147.02 | 203.51 | OK | |
r-devel-linux-x86_64-debian-gcc | 1.0.2 | 42.93 | 112.73 | 155.66 | OK | |
r-devel-linux-x86_64-fedora-clang | 1.0.2 | 261.08 | NOTE | |||
r-devel-linux-x86_64-fedora-gcc | 1.0.2 | 246.15 | OK | |||
r-patched-linux-x86_64 | 1.0.2 | 51.01 | 144.51 | 195.52 | OK | |
r-patched-solaris-x86 | 1.0.2 | 343.50 | OK | |||
r-release-linux-x86_64 | 1.0.2 | 56.23 | 143.70 | 199.93 | OK | |
r-release-windows-ix86+x86_64 | 1.0.2 | 131.00 | 336.00 | 467.00 | NOTE | |
r-release-osx-x86_64 | 1.0.2 | NOTE | ||||
r-oldrel-windows-ix86+x86_64 | 1.0.2 | 127.00 | 337.00 | 464.00 | NOTE | |
r-oldrel-osx-x86_64 | 1.0.2 | NOTE |
Version: 1.0.2
Check: installed package size
Result: NOTE
installed size is 6.0Mb
sub-directories of 1Mb or more:
doc 3.0Mb
libs 2.0Mb
Flavors: r-devel-linux-x86_64-fedora-clang, r-release-windows-ix86+x86_64, r-release-osx-x86_64, r-oldrel-windows-ix86+x86_64, r-oldrel-osx-x86_64