Last updated on 2019-05-01 01:51:47 CEST.
Flavor | Version | Tinstall | Tcheck | Ttotal | Status | Flags |
---|---|---|---|---|---|---|
r-devel-linux-x86_64-debian-clang | 1.0 | 11.98 | 80.38 | 92.36 | OK | |
r-devel-linux-x86_64-debian-gcc | 1.0 | 9.15 | 61.65 | 70.80 | OK | |
r-devel-linux-x86_64-fedora-clang | 1.0 | 106.98 | NOTE | |||
r-devel-linux-x86_64-fedora-gcc | 1.0 | 99.19 | OK | |||
r-patched-linux-x86_64 | 1.0 | 10.66 | 76.27 | 86.93 | OK | |
r-patched-solaris-x86 | 1.0 | 160.40 | NOTE | |||
r-release-linux-x86_64 | 1.0 | 10.57 | 75.99 | 86.56 | OK | |
r-release-windows-ix86+x86_64 | 1.0 | 41.00 | 132.00 | 173.00 | NOTE | |
r-release-osx-x86_64 | 1.0 | NOTE | ||||
r-oldrel-windows-ix86+x86_64 | 1.0 | 27.00 | 87.00 | 114.00 | NOTE | |
r-oldrel-osx-x86_64 | 1.0 | NOTE |
Version: 1.0
Check: installed package size
Result: NOTE
installed size is 9.3Mb
sub-directories of 1Mb or more:
extdata 9.0Mb
Flavors: r-devel-linux-x86_64-fedora-clang, r-patched-solaris-x86, r-release-windows-ix86+x86_64, r-release-osx-x86_64, r-oldrel-windows-ix86+x86_64, r-oldrel-osx-x86_64